emainder when 454 is divided by 46.
40
What is the remainder when 8447 is divided by 169?
166
Calculate the remainder when 704 is divided by 100.
4
What is the remainder when 2797 is divided by 25?
22
What is the remainder when 764 is divided by 64?
60
Calculate the remainder when 41 is divided by 27.
14
Calculate the remainder when 247 is divided by 28.
23
What is the remainder when 313 is divided by 117?
79
What is the remainder when 1031 is divided by 204?
11
What is the remainder when 1855 is divided by 264?
7
What is the remainder when 93 is divided by 24?
21
Calculate the remainder when 592 is divided by 73.
8
What is the remainder when 219 is divided by 10?
9
What is the remainder when 7230 is divided by 2410?
0
What is the remainder when 7622 is divided by 121?
120
What is the remainder when 30 is divided by 19?
11
Calculate the remainder when 4 is divided by 2.
0
Calculate the remainder when 216 is divided by 24.
0
What is the remainder when 510 is divided by 21?
6
Calculate the remainder when 241 is divided by 225.
16
What is the remainder when 382 is divided by 5?
2
What is the remainder when 2881 is divided by 14?
11
Calculate the remainder when 245 is divided by 51.
41
Calculate the remainder when 411 is divided by 104.
99
What is the remainder when 1100 is divided by 58?
56
Calculate the remainder when 1492 is divided by 17.
13
Calculate the remainder when 638 is divided by 8.
6
Calculate the remainder when 327 is divided by 15.
12
Calculate the remainder when 368 is divided by 25.
18
Calculate the remainder when 213 is divided by 89.
35
What is the remainder when 1991 is divided by 11?
0
What is the remainder when 108 is divided by 49?
10
What is the remainder when 743 is divided by 83?
79
Calculate the remainder when 65 is divided by 22.
21
What is the remainder when 6493 is divided by 191?
190
Calculate the remainder when 60 is divided by 8.
4
What is the remainder when 198 is divided by 100?
98
Calculate the remainder when 184 is divided by 101.
83
What is the remainder when 257 is divided by 26?
23
What is the remainder when 303 is divided by 46?
27
What is the remainder when 963 is divided by 5?
3
Calculate the remainder when 162 is divided by 33.
30
What is the remainder when 115 is divided by 31?
22
What is the remainder when 145 is divided by 39?
28
What is the remainder when 970 is divided by 323?
1
Calculate the remainder when 281 is divided by 97.
87
What is the remainder when 44 is divided by 32?
12
Calculate the remainder when 5412 is divided by 46.
30
What is the remainder when 581 is divided by 49?
42
Calculate the remainder when 112 is divided by 46.
20
What is the remainder when 345 is divided by 103?
36
What is the remainder when 4705 is divided by 188?
5
Calculate the remainder when 4660 is divided by 1547.
19
What is the remainder when 68 is divided by 47?
21
Calculate the remainder when 21 is divided by 21.
0
What is the remainder when 128 is divided by 25?
3
Calculate the remainder when 2373 is divided by 9.
6
What is the remainder when 3379 is divided by 1680?
19
Calculate the remainder when 602 is divided by 583.
19
Calculate the remainder when 651 is divided by 243.
165
What is the remainder when 7749 is divided by 62?
61
What is the remainder when 557 is divided by 14?
11
What is the remainder when 955 is divided by 65?
45
What is the remainder when 744 is divided by 34?
30
What is the remainder when 23 is divided by 6?
5
What is the remainder when 453 is divided by 57?
54
Calculate the remainder when 481 is divided by 92.
21
What is the remainder when 219 is divided by 74?
71
What is the remainder when 668 is divided by 132?
8
Calculate the remainder when 442 is divided by 147.
1
What is the remainder when 18 is divided by 10?
8
Calculate the remainder when 314 is divided by 119.
76
Calculate the remainder when 229 is divided by 7.
5
Calculate the remainder when 42 is divided by 9.
6
Calculate the remainder when 10167 is divided by 339.
336
What is the remainder when 87 is divided by 8?
7
What is the remainder when 1125 is divided by 524?
77
Calculate the remainder when 285 is divided by 24.
21
What is the remainder when 313 is divided by 11?
5
Calculate the remainder when 3646 is divided by 404.
10
Calculate the remainder when 1383 is divided by 14.
11
What is the remainder when 5347 is divided by 255?
247
What is the remainder when 414 is divided by 32?
30
Calculate the remainder when 101 is divided by 35.
31
Calculate the remainder when 1441 is divided by 19.
16
Calculate the remainder when 13 is divided by 11.
2
What is the remainder when 117 is divided by 22?
7
What is the remainder when 112 is divided by 33?
13
What is the remainder when 105 is divided by 47?
11
What is the remainder when 47 is divided by 21?
5
What is the remainder when 217 is divided by 18?
1
Calculate the remainder when 35 is divided by 7.
0
What is the remainder when 3131 is divided by 1559?
13
What is the remainder when 919 is divided by 905?
14
What is the remainder when 40 is divided by 14?
12
Calculate the remainder when 158 is divided by 81.
77
What is the remainder when 251 is divided by 63?
62
What is the remainder when 116 is divided by 39?
38
Calculate the remainder when 781 is divided by 14.
11
What is the remainder when 67 is divided by 17?
16
What is the remainder when 146 is divided by 136?
10
What is the remainder when 524 is divided by 41?
32
Calculate the remainder when 459 is divided by 111.
15
What is the remainder when 18212 is divided by 36?
32
What is the remainder when 558 is divided by 14?
12
Calculate the remainder when 456 is divided by 447.
9
What is the remainder when 119 is divided by 41?
37
Calculate the remainder when 19739 is divided by 329.
328
What is the remainder when 346 is divided by 142?
62
Calculate the remainder when 43 is divided by 22.
21
What is the remainder when 557 is divided by 18?
17
What is the remainder when 346 is divided by 135?
76
Calculate the remainder when 7615 is divided by 32.
31
What is the remainder when 409 is divided by 200?
9
What is the remainder when 680 is divided by 19?
15
What is the remainder when 310 is divided by 136?
38
What is the remainder when 299 is divided by 92?
23
Calculate the remainder when 261 is divided by 38.
33
What is the remainder when 6819 is divided by 757?
6
Calculate the remainder when 343 is divided by 117.
109
Calculate the remainder when 2816 is divided by 113.
104
Calculate the remainder when 1638 is divided by 9.
0
What is the remainder when 18610 is divided by 132?
130
What is the remainder when 330 is divided by 157?
16
Calculate the remainder when 196 is divided by 66.
64
Calculate the remainder when 571 is divided by 72.
67
Calculate the remainder when 249 is divided by 65.
54
Calculate the remainder when 116 is divided by 108.
8
Calculate the remainder when 148 is divided by 119.
29
What is the remainder when 802 is divided by 793?
9
Calculate the remainder when 42 is divided by 9.
6
Calculate the remainder when 1247 is divided by 50.
47
Calculate the remainder when 26 is divided by 12.
2
What is the remainder when 302 is divided by 76?
74
Calculate the remainder when 511 is divided by 114.
55
Calculate the remainder when 244 is divided by 60.
4
What is the remainder when 417 is divided by 405?
12
Calculate the remainder when 368 is divided by 93.
89
What is the remainder when 44189 is divided by 18?
17
Calculate the remainder when 229 is divided by 125.
104
Calculate the remainder when 217 is divided by 13.
9
What is the remainder when 6611 is divided by 1649?
15
Calculate the remainder when 3797 is divided by 10.
7
What is the remainder when 1400 is divided by 239?
205
Calculate the remainder when 5084 is divided by 48.
44
Calculate the remainder when 115 is divided by 10.
5
Calculate the remainder when 3043 is divided by 5.
3
Calculate the remainder when 53 is divided by 11.
9
Calculate the remainder when 746 is divided by 188.
182
What is the remainder when 253 is divided by 52?
45
What is the remainder when 713 is divided by 232?
17
What is the remainder when 25407 is divided by 21?
18
Calculate the remainder when 323 is divided by 110.
103
What is the remainder when 1479 is divided by 78?
75
What is the remainder wh